en 48/1 - (-14)/h is divided by 16?
14
Suppose 0 = -3*u + 67 + 35. Calculate the remainder when u is divided by 9.
7
Suppose 5*u + 24 = 4. Calculate the remainder when 43 is divided by 16/u*46/(-8).
20
Suppose -3*t + t = -52. What is the remainder when 72 is divided by t?
20
What is the remainder when 12 is divided by (14/(-8))/(2/(-8))?
5
Let m = 82 - 46. Let x = -16 + m. Calculate the remainder when x is divided by 11.
9
Let i = -12 - -48. Let f = 2 + 2. Suppose -i = -f*d + 12. Calculate the remainder when d is divided by 7.
5
Suppose -y + 2*s = -113, 0 = 3*y + 2*s - 159 - 180. Let b = y + -37. Let n = b - 52. What is the remainder when n is divided by 13?
11
Let a = -119 + 141. Calculate the remainder when a is divided by 6.
4
Suppose -m + 3 + 1 = 0. Suppose -8*l + 4*l + 9 = -k, m*k - 2*l - 6 = 0. Calculate the remainder when k is divided by 2.
1
Let q be 2/(-8) - (-230)/(-8). Suppose -4*j = 3*d - 157, 5*d - 2*j - 215 = 3*j. Let g = q + d. Calculate the remainder when 53 is divided by g.
17
Let i = 32 + -19. What is the remainder when 76 is divided by i?
11
Let j(p) = p**2 - p + 5. What is the remainder when 32 is divided by j(0)?
2
What is the remainder when 5/(-25)*(-10)/2 is divided by (-2*(-2)/4)/1?
0
Let n = 7 + -7. What is the remainder when ((-34)/(-4))/(1/2) is divided by 0 + n + 9/1?
8
Suppose -2*m = 2*f - 2 - 0, 4*m - 5*f = 13. Let q be (2/m)/(1 - 2). Calculate the remainder when 2 + q*2 + 5 is divided by 3.
2
Suppose -w + 4 + 0 = 0. Suppose -69 = -w*o + 3. Suppose 2*m + 0*m - 106 = 0. What is the remainder when m is divided by o?
17
Suppose 15 = 3*k - 3. Calculate the remainder when (3 - k)*94/(-6) is divided by 16.
15
Suppose -5*y = -8*y + 18. Suppose -3*c = -x, -3*x = -y*x + 2*c + 35. Calculate the remainder when 43 is divided by x.
13
Suppose -x = 3*x - 8. Let o = x - 2. Suppose o = 2*n + 2*n - 84. What is the remainder when n is divided by 6?
3
Suppose -2*h + 174 = h. Calculate the remainder when h is divided by 20.
18
Let l be 3 + (-3 - (-1 + -2)). Suppose l - 19 = -4*q. Let a = -9 + 15. What is the remainder when a is divided by q?
2
Suppose 12 = 4*l - 16. Suppose -l*s + 6*s = -14. Calculate the remainder when 26 is divided by s.
12
Let z(s) = -s - 5. Suppose -3*b + 55 = -20. What is the remainder when b is divided by z(-14)?
7
Let u(z) be the first derivative of 5*z**2/2 + 1. Suppose 4*o + m = 5*m + 52, 0 = -2*o - 2*m + 10. Calculate the remainder when o is divided by u(1).
4
Let a(b) = -b + 1. Let x be a(3). Let d(m) = -m + 2. Suppose 18 = 2*z + z. What is the remainder when z is divided by d(x)?
2
Let y(l) = 2*l**2 - 9*l + 2. Suppose -1 - 5 = -k. Suppose -2*s + 150 = 2*s + 3*i, -s + 31 = 4*i. Calculate the remainder when s is divided by y(k).
19
Let s be (4/(-3))/((-24)/36). Calculate the remainder when 1 - (-2 - 2/(-2)) is divided by (-7)/(-7)*2/s.
0
What is the remainder when 29 is divided by (-3 + 8)*(-3)/(-1)?
14
Suppose 15 = 2*z + 19. Let r(i) = -12*i + 2. Suppose -2*d + 45 = 3*d. What is the remainder when r(z) is divided by d?
8
Suppose 0*c = 2*c - 4. Let b(p) = 20*p - 2. Calculate the remainder when b(c) is divided by 13.
12
Let d(k) = -k**2 - 6*k - 5. What is the remainder when (-2)/7 + 107/7 is divided by d(-3)?
3
Let p = -76 + 131. What is the remainder when 109 is divided by p?
54
Let p(b) = -b**3 + 6*b**2 + 8. Let m be p(6). Let j be (0/(-1))/(m - 5). Let v(r) = r**3 + r + 8. What is the remainder when 22 is divided by v(j)?
6
Let v(d) = -d + 12. Let u(b) = -b**2 + 5*b + 1. Let r be u(4). What is the remainder when 18 is divided by v(r)?
4
Let t = 4 - 2. Suppose 0 = -l - 0 + 2. Calculate the remainder when t is divided by l.
0
Let d = 314 + -163. Calculate the remainder when d is divided by 38.
37
Suppose 4*f + 32 = 2*t + 6, f - 36 = -2*t. Calculate the remainder when 81 is divided by t.
13
Suppose 18 = -z + 3*z. Calculate the remainder when z is divided by 2.
1
Let g = 48 - 46. What is the remainder when 6 is divided by g?
0
Let p = -6 + 36. Calculate the remainder when p is divided by 17.
13
Let z(h) = -2*h - 4. Let f be z(-3). Suppose -f*y + 160 = 3*y. Calculate the remainder when y is divided by 1*36/3 + -1.
10
Let g(n) = -2*n - 5. Let l be 1*(-1 + 6/(-2)). Let b be g(l). Suppose -5*f + b*s = -134, s = -4*f - s + 94. Calculate the remainder when f is divided by 13.
12
Suppose -4*n - 4*p + 60 = 0, -3*p + 2 = -4*p. Let g be 6/4*2 - 3. Let m(i) = -i + 9. What is the remainder when n is divided by m(g)?
8
Let r = -50 - -136. Calculate the remainder when r is divided by 23.
17
Calculate the remainder when 141/(-1)*6/(-19 - -1) is divided by 10.
7
Calculate the remainder when 43 is divided by 3*(-10)/(-6) - -4.
7
Let x be 1/7 - 80/(-28). Let p be (2 - 6/x) + 0. Suppose 2*g - 3*w - 20 - 2 = p, -3*g + 32 = -5*w. What is the remainder when 26 is divided by g?
12
Let p(k) = -2*k + 30. What is the remainder when 46 is divided by p(7)?
14
Suppose 4*w - 2*a + 6 = 0, -4*a = -5*w - 3*a - 6. Let m = 8 - w. Calculate the remainder when m is divided by (3 - -7)*1/2.
4
Suppose j + 11 = -2*d, 0 = -5*j + 2*d - 3 - 4. Calculate the remainder when 13 is divided by (-10)/(-2) + (-3 - j).
3
Let i(s) = -s**2 - 14*s - 10. Let c be i(-13). Calculate the remainder when 29 is divided by (1/c)/(3/135).
14
What is the remainder when (16/20)/((-2)/(-425)) is divided by 43?
41
Let p(x) be the second derivative of -x**5/20 + x**4/4 + x**3 - 3*x**2/2 + 3*x. What is the remainder when p(4) is divided by 4?
1
Let c be 5 + -4 + (-1 - -3). Suppose -18 = c*d - 30. Calculate the remainder when 14 is divided by d.
2
Let i(y) be the first derivative of -y**2/2 - 3*y + 2. Let w be i(-5). Let n(o) = 11*o**2 + 2. Calculate the remainder when n(w) is divided by 12.
10
Let x(a) = 5*a**2 - a - 1. Suppose 10*g = 7*g + 6. Calculate the remainder when 31 is divided by x(g).
14
Let a be 1*2 - (-24 + 1). Suppose 0 = -v - 4*v + a. What is the remainder when 19 is divided by v?
4
Let w(k) = -7*k - 9. Let h be w(-5). Suppose -24 - h = -5*z. Calculate the remainder when 29 is divided by z.
9
Let k = 30 + -22. What is the remainder when 44 is divided by k?
4
Let y(o) be the first derivative of o**4/4 + 2*o**3 + o**2/2 - 7*o - 1. What is the remainder when 36 is divided by y(-5)?
10
Suppose -5*j + 145 = 3*b, -3*b + 115 = -j - 0*j. Suppose -4*t = -0*t - b. Calculate the remainder when 565/30 + (-2)/(-12) is divided by t.
9
Let b(i) = i**3 - 3*i**2 + 2*i - 4. Let f be b(3). Suppose f*a - 47 = -17. What is the remainder when 28 is divided by a?
13
Suppose -2*g + 123 = q, 5*g + q - 6 - 309 = 0. Calculate the remainder when g is divided by (-5)/4 + 1674/72 - 0.
20
Suppose 4*r + 4*p - 7 = -3, -3*r = 4*p + 2. Suppose 44 = r*l - 2*l. What is the remainder when 86/4 + (-2)/4 is divided by l?
10
Let t(p) = -p**2 - 6*p. Let y be t(-3). Suppose 5*n + 16 = y*n. Calculate the remainder when n is divided by 3.
1
Let w = 5 - 1. Suppose -w*k - 46 + 0 = -2*c, 0 = -5*c - 4*k + 115. Calculate the remainder when 68 is divided by c.
22
Let x = -10 + 13. What is the remainder when 31 is divided by 14 + (x - 2)*2?
15
Suppose -2*j + 15 = -7*j, -5*x + 4*j = -52. What is the remainder when 55 is divided by x?
7
Let d(b) = 10*b**2 + 3*b + 2. Calculate the remainder when d(-1) is divided by 5.
4
Let v = -28 - -30. Suppose 2*d - v*j = -3*d + 12, -16 = -4*j. Suppose 0 = -2*a - 0*a + 14. Calculate the remainder when a is divided by d.
3
Suppose 33 = h + 2*h. Let y(s) = -2*s - 2. Let t be y(-3). What is the remainder when (t/(-10))/((-1)/80) is divided by h?
10
Suppose -5*p + p - 184 = 0. What is the remainder when 42 is divided by p/(-3) + 5/(-15)?
12
What is the remainder when 4*(0 + 5 + -3) is divided by -1*((-6 - -1) + 2)?
2
Let f = -1 - -15. Suppose -3*g + 3*q + 57 = 0, -2*q + 2 = -2. Let i = g - f. What is the remainder when i is divided by 3?
1
Let u be (-68)/(-20) + (-4)/10. Suppose 0 = -2*a - 2*d + 28, -d - 3 - 19 = -u*a. Calculate the remainder when a is divided by 4.
1
Suppose -z + 14 = 2*d, -2*z + 2 = -2*d + 4. Suppose u - 10 = -z. What is the remainder when 21 is divided by 14 + (-1 - -4 - u)?
10
Suppose -2*r + 4*r + 6 = 0. Let s(l) = -l**3 - l**2 - l + 4. What is the remainder when s(r) is divided by 9?
7
Let z(c) = 2*c**3 + c**2 - 2*c + 1. Let v be ((-6)/(-2))/(3/(-4)). Let a 